[INFO] cloning repository https://github.com/tschottdorf/prodrocket-rs
[INFO] running `Command { std: "git" "-c" "credential.helper=" "-c" "credential.helper=/workspace/cargo-home/bin/git-credential-null" "clone" "--bare" "https://github.com/tschottdorf/prodrocket-rs" "/workspace/cache/git-repos/https%3A%2F%2Fgithub.com%2Ftschottdorf%2Fprodrocket-rs", kill_on_drop: false }`
[INFO] [stderr] Cloning into bare repository '/workspace/cache/git-repos/https%3A%2F%2Fgithub.com%2Ftschottdorf%2Fprodrocket-rs'...
[INFO] running `Command { std: "git" "rev-parse" "HEAD", kill_on_drop: false }`
[INFO] [stdout] 5309acbf0201a37f00c0a3ba167d9d14170b1dc0
[INFO] checking tschottdorf/prodrocket-rs against try#72f88fc4e9458f89516a0b8b0868f3718aec5b47 for pr-74989
[INFO] running `Command { std: "git" "clone" "/workspace/cache/git-repos/https%3A%2F%2Fgithub.com%2Ftschottdorf%2Fprodrocket-rs" "/workspace/builds/worker-13/source", kill_on_drop: false }`
[INFO] [stderr] Cloning into '/workspace/builds/worker-13/source'...
[INFO] [stderr] done.
[INFO] validating manifest of git repo https://github.com/tschottdorf/prodrocket-rs on toolchain 72f88fc4e9458f89516a0b8b0868f3718aec5b47
[INFO] running `Command { std: "/workspace/cargo-home/bin/cargo" "+72f88fc4e9458f89516a0b8b0868f3718aec5b47" "read-manifest" "--manifest-path" "Cargo.toml", kill_on_drop: false }`
[INFO] started tweaking git repo https://github.com/tschottdorf/prodrocket-rs
[INFO] finished tweaking git repo https://github.com/tschottdorf/prodrocket-rs
[INFO] tweaked toml for git repo https://github.com/tschottdorf/prodrocket-rs written to /workspace/builds/worker-13/source/Cargo.toml
[INFO] crate git repo https://github.com/tschottdorf/prodrocket-rs already has a lockfile, it will not be regenerated
[INFO] running `Command { std: "/workspace/cargo-home/bin/cargo" "+72f88fc4e9458f89516a0b8b0868f3718aec5b47" "fetch" "--locked" "--manifest-path" "Cargo.toml", kill_on_drop: false }`
[INFO] [stderr]  Downloading crates ...
[INFO] [stderr]   Downloaded pq-sys v0.4.4
[INFO] [stderr]   Downloaded diesel_codegen v0.16.0
[INFO] [stderr]   Downloaded pear v0.0.14
[INFO] [stderr]   Downloaded r2d2_postgres v0.13.0
[INFO] [stderr]   Downloaded rocket_codegen v0.3.7
[INFO] [stderr]   Downloaded rocket v0.3.7
[INFO] [stderr]   Downloaded diesel v0.16.0
[INFO] [stderr]   Downloaded rocket_contrib v0.3.7
[INFO] [stderr]   Downloaded pear_codegen v0.0.14
[INFO] [stderr]   Downloaded r2d2-diesel v0.16.0
[INFO] [stderr]   Downloaded r2d2 v0.7.4
[INFO] running `Command { std: "docker" "create" "-v" "/var/lib/crater-agent-workspace/builds/worker-13/target:/opt/rustwide/target:rw,Z" "-v" "/var/lib/crater-agent-workspace/builds/worker-13/source:/opt/rustwide/workdir:ro,Z" "-v" "/var/lib/crater-agent-workspace/cargo-home:/opt/rustwide/cargo-home:ro,Z" "-v" "/var/lib/crater-agent-workspace/rustup-home:/opt/rustwide/rustup-home:ro,Z" "-e" "SOURCE_DIR=/opt/rustwide/workdir" "-e" "CARGO_TARGET_DIR=/opt/rustwide/target" "-e" "CARGO_HOME=/opt/rustwide/cargo-home" "-e" "RUSTUP_HOME=/opt/rustwide/rustup-home" "-w" "/opt/rustwide/workdir" "-m" "1610612736" "--user" "0:0" "--network" "none" "rustops/crates-build-env@sha256:d92eaeed33fa75130ca1ee6c8a01d1ffb62bac859dfdfb3450e3e5d1c0146529" "/opt/rustwide/cargo-home/bin/cargo" "+72f88fc4e9458f89516a0b8b0868f3718aec5b47" "metadata" "--no-deps" "--format-version=1", kill_on_drop: false }`
[INFO] [stdout] 00004550cd85fbe4ba35124e53069a601ad272a691b7251cbb59daeba8a9d3ad
[INFO] [stderr] WARNING: Your kernel does not support swap limit capabilities or the cgroup is not mounted. Memory limited without swap.
[INFO] running `Command { std: "docker" "start" "-a" "00004550cd85fbe4ba35124e53069a601ad272a691b7251cbb59daeba8a9d3ad", kill_on_drop: false }`
[INFO] running `Command { std: "docker" "inspect" "00004550cd85fbe4ba35124e53069a601ad272a691b7251cbb59daeba8a9d3ad", kill_on_drop: false }`
[INFO] running `Command { std: "docker" "rm" "-f" "00004550cd85fbe4ba35124e53069a601ad272a691b7251cbb59daeba8a9d3ad", kill_on_drop: false }`
[INFO] [stdout] 00004550cd85fbe4ba35124e53069a601ad272a691b7251cbb59daeba8a9d3ad
[INFO] running `Command { std: "docker" "create" "-v" "/var/lib/crater-agent-workspace/builds/worker-13/target:/opt/rustwide/target:rw,Z" "-v" "/var/lib/crater-agent-workspace/builds/worker-13/source:/opt/rustwide/workdir:ro,Z" "-v" "/var/lib/crater-agent-workspace/cargo-home:/opt/rustwide/cargo-home:ro,Z" "-v" "/var/lib/crater-agent-workspace/rustup-home:/opt/rustwide/rustup-home:ro,Z" "-e" "SOURCE_DIR=/opt/rustwide/workdir" "-e" "CARGO_TARGET_DIR=/opt/rustwide/target" "-e" "CARGO_INCREMENTAL=0" "-e" "RUST_BACKTRACE=full" "-e" "RUSTFLAGS=--cap-lints=forbid" "-e" "CARGO_HOME=/opt/rustwide/cargo-home" "-e" "RUSTUP_HOME=/opt/rustwide/rustup-home" "-w" "/opt/rustwide/workdir" "-m" "1610612736" "--user" "0:0" "--network" "none" "rustops/crates-build-env@sha256:d92eaeed33fa75130ca1ee6c8a01d1ffb62bac859dfdfb3450e3e5d1c0146529" "/opt/rustwide/cargo-home/bin/cargo" "+72f88fc4e9458f89516a0b8b0868f3718aec5b47" "check" "--frozen" "--all" "--all-targets" "--message-format=json", kill_on_drop: false }`
[INFO] [stdout] 59736a74a03fea1f103bb585a2c4d4b04554e799bdaf7a681df07025e624f2cb
[INFO] [stderr] WARNING: Your kernel does not support swap limit capabilities or the cgroup is not mounted. Memory limited without swap.
[INFO] running `Command { std: "docker" "start" "-a" "59736a74a03fea1f103bb585a2c4d4b04554e799bdaf7a681df07025e624f2cb", kill_on_drop: false }`
[INFO] [stderr]    Compiling libc v0.2.40
[INFO] [stderr]    Compiling cfg-if v0.1.2
[INFO] [stderr]    Compiling lazy_static v1.0.0
[INFO] [stderr]    Compiling version_check v0.1.3
[INFO] [stderr]    Compiling nodrop v0.1.12
[INFO] [stderr]    Compiling memoffset v0.2.1
[INFO] [stderr]    Compiling scopeguard v0.3.3
[INFO] [stderr]    Compiling rayon-core v1.4.0
[INFO] [stderr]     Checking matches v0.1.6
[INFO] [stderr]     Checking byteorder v1.2.2
[INFO] [stderr]    Compiling cc v1.0.9
[INFO] [stderr]     Checking unicode-normalization v0.1.5
[INFO] [stderr]    Compiling gcc v0.3.54
[INFO] [stderr]     Checking safemem v0.2.0
[INFO] [stderr]    Compiling pq-sys v0.4.4
[INFO] [stderr]    Compiling regex v0.2.10
[INFO] [stderr]     Checking byte-tools v0.2.0
[INFO] [stderr]     Checking arrayref v0.3.4
[INFO] [stderr]    Compiling unicode-xid v0.1.0
[INFO] [stderr]    Compiling void v1.0.2
[INFO] [stderr]    Compiling untrusted v0.5.1
[INFO] [stderr]    Compiling ucd-util v0.1.1
[INFO] [stderr]     Checking fallible-iterator v0.1.4
[INFO] [stderr]     Checking antidote v1.0.0
[INFO] [stderr]     Checking md5 v0.3.7
[INFO] [stderr]     Checking lazy_static v0.2.11
[INFO] [stderr]     Checking rustc-demangle v0.1.7
[INFO] [stderr]     Checking hex v0.2.0
[INFO] [stderr]    Compiling httparse v1.2.4
[INFO] [stderr]    Compiling smallvec v0.4.4
[INFO] [stderr]     Checking ordermap v0.2.13
[INFO] [stderr]    Compiling pear v0.0.14
[INFO] [stderr]     Checking dtoa v0.4.2
[INFO] [stderr]    Compiling state v0.4.0
[INFO] [stderr]     Checking yansi v0.4.0
[INFO] [stderr]    Compiling bitflags v0.9.1
[INFO] [stderr]     Checking num-traits v0.2.2
[INFO] [stderr]     Checking utf8-ranges v1.0.0
[INFO] [stderr]     Checking itoa v0.4.1
[INFO] [stderr]     Checking uuid v0.5.1
[INFO] [stderr]     Checking log v0.4.1
[INFO] [stderr]     Checking unicode-bidi v0.3.4
[INFO] [stderr]    Compiling crossbeam-utils v0.2.2
[INFO] [stderr]    Compiling arrayvec v0.4.7
[INFO] [stderr]     Checking phf_shared v0.7.21
[INFO] [stderr]     Checking block-buffer v0.3.3
[INFO] [stderr]    Compiling proc-macro2 v0.3.5
[INFO] [stderr]    Compiling unreachable v1.0.0
[INFO] [stderr]     Checking toml v0.4.6
[INFO] [stderr]     Checking base64 v0.6.0
[INFO] [stderr]    Compiling regex-syntax v0.5.3
[INFO] [stderr]     Checking scheduled-thread-pool v0.1.0
[INFO] [stderr]    Compiling num_cpus v1.8.0
[INFO] [stderr]    Compiling rand v0.4.2
[INFO] [stderr]    Compiling time v0.1.39
[INFO] [stderr]    Compiling memchr v2.0.1
[INFO] [stderr]    Compiling memchr v1.0.2
[INFO] [stderr]    Compiling isatty v0.1.6
[INFO] [stderr]     Checking iovec v0.1.2
[INFO] [stderr]     Checking socket2 v0.3.4
[INFO] [stderr]    Compiling unicase v1.4.2
[INFO] [stderr]    Compiling pear_codegen v0.0.14
[INFO] [stderr]    Compiling rocket v0.3.7
[INFO] [stderr]    Compiling rocket_codegen v0.3.7
[INFO] [stderr]    Compiling syn v0.11.11
[INFO] [stderr]     Checking log v0.3.9
[INFO] [stderr]    Compiling thread_local v0.3.5
[INFO] [stderr]     Checking phf v0.7.21
[INFO] [stderr]     Checking idna v0.1.4
[INFO] [stderr]     Checking stringprep v0.1.2
[INFO] [stderr]    Compiling crossbeam-epoch v0.3.1
[INFO] [stderr]    Compiling aho-corasick v0.6.4
[INFO] [stderr]    Compiling quote v0.5.1
[INFO] [stderr]     Checking serde_json v1.0.13
[INFO] [stderr]     Checking bytes v0.4.6
[INFO] [stderr]    Compiling backtrace-sys v0.1.16
[INFO] [stderr]     Checking generic-array v0.9.0
[INFO] [stderr]     Checking mime v0.2.6
[INFO] [stderr]     Checking r2d2 v0.7.4
[INFO] [stderr]     Checking rand v0.3.22
[INFO] [stderr]    Compiling syn v0.13.1
[INFO] [stderr]    Compiling crossbeam-deque v0.2.0
[INFO] [stderr]     Checking diesel v0.16.0
[INFO] [stderr]     Checking digest v0.7.2
[INFO] [stderr]     Checking crypto-mac v0.5.2
[INFO] [stderr]    Compiling url v1.7.0
[INFO] [stderr]     Checking sha2 v0.7.0
[INFO] [stdout] error[E0557]: feature has been removed
[INFO] [stdout]  --> /opt/rustwide/cargo-home/registry/src/github.com-1ecc6299db9ec823/pear_codegen-0.0.14/src/lib.rs:1:45
[INFO] [stdout]   |
[INFO] [stdout] 1 | #![feature(plugin_registrar, rustc_private, quote)]
[INFO] [stdout]   |                                             ^^^^^ feature has been removed
[INFO] [stdout] 
[INFO] [stdout] 
[INFO] [stdout] error[E0462]: found staticlib `rustc` instead of rlib or dylib
[INFO] [stdout]  --> /opt/rustwide/cargo-home/registry/src/github.com-1ecc6299db9ec823/pear_codegen-0.0.14/src/lib.rs:3:1
[INFO] [stdout]   |
[INFO] [stdout] 3 | extern crate rustc;
[INFO] [stdout]   | ^^^^^^^^^^^^^^^^^^^
[INFO] [stdout]   |
[INFO] [stdout]   = help: please recompile that crate using --crate-type lib
[INFO] [stdout]   = note: the following crate versions were found:
[INFO] [stdout]           crate `rustc`: /opt/rustwide/rustup-home/toolchains/72f88fc4e9458f89516a0b8b0868f3718aec5b47/lib/rustlib/x86_64-unknown-linux-gnu/lib/librustc-nightly_rt.asan.a
[INFO] [stdout]           crate `rustc`: /opt/rustwide/rustup-home/toolchains/72f88fc4e9458f89516a0b8b0868f3718aec5b47/lib/rustlib/x86_64-unknown-linux-gnu/lib/librustc-nightly_rt.tsan.a
[INFO] [stdout]           crate `rustc`: /opt/rustwide/rustup-home/toolchains/72f88fc4e9458f89516a0b8b0868f3718aec5b47/lib/rustlib/x86_64-unknown-linux-gnu/lib/librustc-nightly_rt.msan.a
[INFO] [stdout]           crate `rustc`: /opt/rustwide/rustup-home/toolchains/72f88fc4e9458f89516a0b8b0868f3718aec5b47/lib/rustlib/x86_64-unknown-linux-gnu/lib/librustc-nightly_rt.lsan.a
[INFO] [stdout] 
[INFO] [stdout] 
[INFO] [stdout] error: aborting due to 2 previous errors
[INFO] [stdout] 
[INFO] [stdout] 
[INFO] [stdout] For more information about this error, try `rustc --explain E0557`.
[INFO] [stdout] 
[INFO] [stderr] error: could not compile `pear_codegen`.
[INFO] [stderr] 
[INFO] [stderr] To learn more, run the command again with --verbose.
[INFO] [stderr] warning: build failed, waiting for other jobs to finish...
[INFO] [stdout] error[E0713]: borrow may still be in use when destructor runs
[INFO] [stdout]    --> /opt/rustwide/cargo-home/registry/src/github.com-1ecc6299db9ec823/url-1.7.0/src/form_urlencoded.rs:261:40
[INFO] [stdout]     |
[INFO] [stdout] 259 | impl<'a> Target for ::UrlQuery<'a> {
[INFO] [stdout]     |      -- lifetime `'a` defined here
[INFO] [stdout] 260 |     fn as_mut_string(&mut self) -> &mut String { &mut self.url.serialization }
[INFO] [stdout] 261 |     fn finish(self) -> &'a mut ::Url { self.url }
[INFO] [stdout]     |                                        ^^^^^^^^ - here, drop of `self` needs exclusive access to `*self.url`, because the type `UrlQuery<'_>` implements the `Drop` trait
[INFO] [stdout]     |                                        |
[INFO] [stdout]     |                                        returning this value requires that `*self.url` is borrowed for `'a`
[INFO] [stdout] 
[INFO] [stdout] 
[INFO] [stdout] error: aborting due to previous error
[INFO] [stdout] 
[INFO] [stdout] 
[INFO] [stdout] For more information about this error, try `rustc --explain E0713`.
[INFO] [stdout] 
[INFO] [stderr] error: build failed
[INFO] running `Command { std: "docker" "inspect" "59736a74a03fea1f103bb585a2c4d4b04554e799bdaf7a681df07025e624f2cb", kill_on_drop: false }`
[INFO] running `Command { std: "docker" "rm" "-f" "59736a74a03fea1f103bb585a2c4d4b04554e799bdaf7a681df07025e624f2cb", kill_on_drop: false }`
[INFO] [stdout] 59736a74a03fea1f103bb585a2c4d4b04554e799bdaf7a681df07025e624f2cb
